(8 - (40 - -10)) + 16 - -16)?
-95
Calculate -55 + 3 + 14 + -2 + 7.
-33
What is the value of -69 + -77 + (-4 - -70) + (21 - 1)?
-60
Evaluate (1 - (15 + -1 - 27)) + -7 + 82.
89
-126 + (-3 - 2) + (18 - (3 + 4)) - -3
-117
Evaluate -167 + 51 - -128 - 12.
0
What is the value of -6 + (56 + -21 + -9 - (-1 + 13))?
8
90 + (-82 + 59 - 96)
-29
6 + (4 - 4) - ((-17 - -8) + -6)
21
What is -34 - (109 + -48 + -50)?
-45
Calculate -43 - (-37 + 6) - -22.
10
(36 - (11 + -4)) + -42 - -35
22
Evaluate 32 - 1 - (15 + -26 - 43).
85
What is (6 + -12 - (1 + 0)) + -22 + 37 + 56?
64
What is ((42 - -7) + 5 - -4) + (-32 + 31 - -5)?
62
(-1 - -3) + -75 - (-11 + (82 - 58))
-86
What is -44 + 63 - (-107 + 131)?
-5
Calculate -106 - (-41 + -39 + 23).
-49
What is the value of -4 - 0 - ((-21 - -34 - 16) + 71) - -10?
-62
Evaluate -3 + -6 + 11 + -21 + -24.
-43
(18 - (5 - -9)) + -5 - (-11 - (-6 + -4))
0
Calculate -70 + 20 + (3 + -19 + 10 - -6).
-50
What is (-10 + 3 - 8 - 0 - 68) + 12 + 5?
-66
13 + -9 + 4 + (-6 - -5) - -5 - 11
1
What is the value of (-1 - 14) + (-3816 - -3784)?
-47
What is the value of -23 + -43 + (34 - -9)?
-23
Calculate 52 - -21 - 105 - 29.
-61
What is -464 + 444 + (-5 + -1 - -12)?
-14
Evaluate -9 + 76 + (-18 - (-12 + (4 - 2) + 0)).
59
Calculate -3134 + 3123 + (-63 - -1).
-73
What is 33 - (43 + (-6 - 17))?
13
Calculate 72 - (-43 + 97 - -93).
-75
What is the value of 83 + -127 + 84 + (2 - (1 + -1)) + 8?
50
Evaluate -44 - ((-10 - -30) + -55) - (-52 + 1).
42
What is (17 + -3 + -2 - (1 - -3)) + -6 + 34?
36
(-21 - -1) + -33 + -11 + 39 + -39
-64
What is (17 + -38 - (0 + -1)) + (1 - (2 + -4))?
-17
What is 2 - 20 - (-40 - (-27 + (-10 - -12)))?
-3
What is the value of -63 + -91 + 77 + 33 + -2 + -2?
-48
Calculate (17 + -1 - (50 - 17) - -13) + -51.
-55
Calculate 5 - (-11 + 33 + -9 - (17 - 8)).
1
Calculate -162 - (22 + -101) - -156.
73
-66 + 3 - (-1641 + 1569)
9
What is the value of 38 + -34 + (57 - 23) + -1 + -13?
24
0 + -13 + (2 - 42) + (-20 - -12)
-61
Calculate 5 + 4 + (-57 + 2 - -4).
-42
Evaluate -18 + -1 - ((-70 - -1) + (1520 - 1555)).
85
Evaluate (-9 - -21) + -6 - 44 - (-37 + 54).
-55
What is the value of (-6 - -1) + 0 + (-2 - -12) + 0 + -30?
-25
Calculate 5 - (1 + (-28 - -14) + 17).
1
Evaluate (0 - 65) + 1133 + -1115 + (1 - 18).
-64
1 + -3 - ((52 - 85) + 22)
9
Calculate 1 + -92 - (17 - 32) - -6 - -12.
-58
Calculate -12 + 3 + ((-11 - -14) + 6 + -2 - 51).
-53
What is the value of -27 + -10 - -32 - (1 + (-49 - -1))?
42
What is -56 - (8 + (-37 - -13) + 0 - -6 - -3)?
-49
Evaluate (27 - 108) + -58 + 18 + -3 + 5.
-119
Calculate -17 - ((-1 - 12) + -11 - 17).
24
What is 1 + (-8 - -4) - (-1229 - -1249)?
-23
Calculate -1 + 24 + 5 + -21 + 5 + -2 + 3.
13
What is the value of 53 + 7 + 7 + -15 + -2 + 4?
54
What is the value of -70 - (34 - (-54 - -134))?
-24
Evaluate -19 + 29 + 11 + 1 + -56.
-34
Calculate 0 + 56 + (-3317 - -3320).
59
Evaluate -5 + (71 + -9 - 69).
-12
Evaluate (-116 - -25 - (-6 - 2 - 7)) + 11.
-65
-1283 + 1160 - (-3 + 1 + -15) - -19
-87
What is -19 + -3 + 1 + (22 - 10)?
-9
What is 4 - ((0 - -1) + 2 - (231 - 192))?
40
Calculate (-168 - -85) + 63 + -11.
-31
What is the value of -39 + (4 - (-31 - 1 - (93 + -112)))?
-22
What is the value of -54 + 23 + 9 + -16 - -12?
-26
What is 19 + -305 + 301 + 0 + -5 + -13?
-3
What is the value of 72 + (-120 + 133 - 37)?
48
Calculate 45 + (-5 - ((-33 - -144) + -6)).
-65
-10 - (17 + (46 - 22)) - -12
-39
Calculate 77 - 13 - 61 - 26.
-23
Calculate (122 - -53) + -176 + 54 + 0.
53
What is the value of -102 - (-111 - -3) - 63?
-57
Calculate -3 - -47 - ((-20 - -25) + 5).
34
Evaluate -1 - (0 + -2 - (-9 + -23)).
-31
What is the value of 4 - 23 - (-2 + 4) - (-683 - -686)?
-24
Evaluate (-26 - -1) + (-2892 - -3004).
87
Evaluate 3 + 65 + -3475 + 3436.
29
What is 2 + -11 + (-62 - -8) + 23?
-40
(15 - (-11 + 24)) + -16 - (14 - -71 - -10)
-109
Evaluate (-46 - 66 - -52) + (-1 - -30).
-31
(90 - -70 - 71) + (-30 - -3)
62
What is -68 + (-6 - -59) - (-3 + 20)?
-32
What is 23 + -42 + 30 + (0 - (-6 - -7)) + -52?
-42
Calculate (1 - 35 - (-39 - -14 - -5)) + -7.
-21
What is -43 + 3 + 15 + 8 + 2 + 2 + -57?
-70
Evaluate -1 + 11 + -11 - -58.
57
-23 + (-31 - 36) + 49
-41
What is 0 + -222 + 74 + 61?
-87
9 + (51 - 106 - 10)
-56
What is the value of 18 - ((8 - 4) + 2 - (-7 - -5 - -4))?
14
What is the value of -1 - -6 - -2 - ((8 - 15) + 11) - -10?
13
-65 - (-16 + 3 + -27)
-25
Evaluate 1 + -26 + (9 - (19 + -9 + 4)).
-30
What is (3 - -1) + (33 - (-7 + 5 - 4) - 3)?
40
What is the value of -95 - -4 - (38 - 31)?
-98
Evaluate -84 + (46 + 41 - 34).
-31
Calculate -10 + 5 - -14 - (2 - -47 - (344 + -366)).
-62
What is the value of 44 - (99 - (14 + 77))?
36
Calculate 17056 + -17170 - (0 + -1 + -15).
-98
What is the value of (-25 - (-33 + -21)) + -95?
-66
27 - 17 - (1 - -10 - -1)
-2
-1 + (-86 - 0) + 283 + -254 + -27
-85
Calculate 55 + (43 - 114) - -46.
30
Evaluate (35 - (-2 - -4)) + -21 + (1 - -32).
45
What is 33 + -4 - (-103 - -96)?
36
Calculate (5 - (-3 - -33)) + 29 + -4 + 2 + -2.
0
What is the value of -229 + 103 + 176 - -64?
114
What is the value of -75 + (1 - (-46 + 32)) - 1?
-61
Evaluate 837 + -862 - (5 - -27).
-57
Evaluate (-10 - -6) + -24 - (53 + -82).
1
What is -2 + -5 + (458 - 492 - (7 + -2))?
-46
Evaluate 5 + 23 + -67 + 134 + -6.
89
-42 + 11 + 96 + -30 + -102
-67
What is the value of 134 + (-33 - (185 - 145))?
61
What is 1 + -28 - ((25 - 80) + 62)?
-34
What is 479 + -391 - (-3 + 28)?
63
Evaluate -12 + (-20 - -24 - (-14 + 13)).
-7
-147 + 144 - (-7 + 46)
-42
3 + (-91 + 86 - ((-3 - -11) + -2)) + 8
0
What is 99 - ((26 - 23) + 11 + -5 - 1)?
91
Calculate -10 + 3 + (30 - (3 - (-13 + 4 + 6))).
17
27 + 4 + -48 + -26
-43
What is (-9 + -9 - (-48 - (-22 + 2))) + -1 + -71?
-62
Calculate 17 - 4 - 9 - (121 - 59).
-58
What is the value of 13 - (58 + -58 + (-15 - -48))?
-20
What is 11 + 23 + (-1 - 24) + 15?
24
Evaluate (4008 - 4067) + -6 + -2.
-67
18 - (16 + 4 + -9 + (9 - -51))
-53
What is the value of 80 + -53 + (-40 - -14)?
1
Evaluate (20 - 30) + -21 + 25 - (4 + (-77 - -1)).
66
What is 4 + 0 + -82 + (104 - 32) + -54?
-60
What is the value of (-2 - (1 - 1)) + (-7 + 24 - (63 - 49))?
1
What is 50 + -2 + (-9 + 4 + 22 - 27)?
38
Evaluate 1 + 6 + (55 - 112 - -46) + 24.
20
Evaluate 31 + (-2 + -31 - (475 + -425)).
-52
What is the value of -328 - -327 - (-4 - 0)?
3
Evaluate -58 + (22 - 65) + 83.
-18
What is -114 - (-253 - (-244 + 111))?
6
What is 35 + (-75 - -17) + -2 + 11 + 1?
-13
What is the value of 83 + (-28 - 74) + (73 - 0)?
54
What is -1 + 35 - (6 + -13 - -6 - (-184 + 186))?
37
What is -134 + (-49 - -9 - -102)?
-72
What is -7 + (-5 + -9 - -23 - (1 - 2)) - 0?
3
Evaluate -98 + (118 - (247 - 90)).
-137
What is (-23 - -1) + 52 - 60?
-30
46 - ((-5 - (6 + 3 + -17)) + 9)
34
What is 69 + -57 - (-45 + 11)?
46
-144 - (43 + -54 + -34)
-99
What is -2 + 2 + 11 - (-79 + 104)?
-14
Calculate (-1 - 1) + 189 + -363 + 140.
-36
What is -1973 + 1961 - ((-3 + 5 - -1) + 3)?
-18
Calculate -62 + (6 - (-13 + (-6 - -27)) - (0 - -7)).
-71
Calculate -38 - ((12 - (1 + 18 + -9)) + -1 + 9).
-48
Evaluate (125 + 13 + 23 - 21) + (11 - 34).
117
What is the value of 42 + -30 + 42 - 42?
12
Calculate (132 - 118) + (5 - -9).
28
(11 + 0 + -16 - -10) + (-21 - -6 - -5)
-5
2 + 4 - (2 - (-1 + (20 - 8) + -18))
-3
What is the value of (-94 - -149) + -29 + -17?
9
Calculate 106 - ((-11 - -8) + 12 + 7 - 2).
92
Calculate -39 + 41 + (0 - -5) - (-122 + 85).
44
Evaluate -32 + 38 + (15 - -24).
45
What is 5 + (-4 + 19 - (59 - 108))?
69
-5 + -10 + -5 + -1 + 25
4
-23 + 19 + 11 + 13 + -15
5
What is -6 - -213 - 83 - 62?
62
What is 29 - (-56 - -49 - -4)?
32
Calculate -254 - -298 - (0 - (-10 + 66)).
100
Calculate -4 + 2 - (-41 + (-10 - -4) + 6).
39
Evaluate (-18 + 18 - (6 - 13)) + 8.
15
What is the value of 52 - (-28 - (-28 + 84 + -42))?
94
What is -74 + (-8 - -22 - 12) + 3 + (0 - -1)?
-68
Evaluate (94 - (26 - -57)) + (-2 - 61).
-52
Calculate 559 - 760 - (9 - 111).
-99
What is the value of -168 + 43 + 438 + -366?
-53
What is (10 - (50 - (27 - 17))) + (5 - 3) + -4?
-32
What is the value of (-20 - 10 - -2) + (-1 - (-3 - 9) - -2)?
-15
(6 - (70 + 10 + -18)) + -6 + -1 + 7
-56
Evaluate 4 - 21 - (-80 - -61) - (8 + 4).
-10
What is (87 - 72) + -35 + 15 + -2?
-7
What is the value of 0 + -40 - (167 + -226)?
19
8 + (115 - 1) + (946 - 966)
102
Evaluate -20 + (74 - 